{"id":111,"date":"2017-03-11T04:21:51","date_gmt":"2017-03-11T04:21:51","guid":{"rendered":"https:\/\/sempiengenharia.com.br\/?page_id=111"},"modified":"2025-09-17T19:11:00","modified_gmt":"2025-09-17T19:11:00","slug":"automacao-industrial","status":"publish","type":"page","link":"https:\/\/sempiengenharia.com.br\/?page_id=111","title":{"rendered":"Automa\u00e7\u00e3o Industrial"},"content":{"rendered":"<p><img loading=\"lazy\" decoding=\"async\" class=\"alignnone size-medium wp-image-113 alignright\" src=\"https:\/\/sempiengenharia.com.br\/wp-content\/uploads\/2017\/03\/10-44-22_INCARGEL__PAINEL_CARREGADOR_DE_FORNO_7-300x157.jpg\" alt=\"10-44-22_INCARGEL__PAINEL_CARREGADOR_DE_FORNO_7\" width=\"300\" height=\"157\" srcset=\"https:\/\/sempiengenharia.com.br\/wp-content\/uploads\/2017\/03\/10-44-22_INCARGEL__PAINEL_CARREGADOR_DE_FORNO_7-300x157.jpg 300w, https:\/\/sempiengenharia.com.br\/wp-content\/uploads\/2017\/03\/10-44-22_INCARGEL__PAINEL_CARREGADOR_DE_FORNO_7-768x402.jpg 768w, https:\/\/sempiengenharia.com.br\/wp-content\/uploads\/2017\/03\/10-44-22_INCARGEL__PAINEL_CARREGADOR_DE_FORNO_7-1024x536.jpg 1024w, https:\/\/sempiengenharia.com.br\/wp-content\/uploads\/2017\/03\/10-44-22_INCARGEL__PAINEL_CARREGADOR_DE_FORNO_7.jpg 1200w\" sizes=\"auto, (max-width: 300px) 100vw, 300px\" \/><\/p>\n<p>Nosso objetivo \u00e9 <b>atingir os resultados esperados<\/b> com m\u00e1xima efici\u00eancia, focando na <b>qualidade de nossos produtos e na otimiza\u00e7\u00e3o de custos<\/b> para os clientes. A <b>SEMPI ENGENHARIA<\/b> opera com uma infraestrutura de ponta e equipamentos de \u00faltima gera\u00e7\u00e3o, garantindo a excel\u00eancia em todas as etapas dos projetos.<\/p>\n<p>Nossa expertise t\u00e9cnica inclui:<\/p>\n<ul>\n<li><b>Arquitetura de Sistemas Industriais:<\/b> Concep\u00e7\u00e3o e dimensionamento de solu\u00e7\u00f5es robustas.<\/li>\n<li><b>Redes de Comunica\u00e7\u00e3o Industrial:<\/b> Implementa\u00e7\u00e3o e configura\u00e7\u00e3o de redes seguras e eficientes.<\/li>\n<li><b>Instrumenta\u00e7\u00e3o de Processos:<\/b> Sele\u00e7\u00e3o, instala\u00e7\u00e3o e calibra\u00e7\u00e3o de instrumentos de controle.<\/li>\n<li><b>Programa\u00e7\u00e3o de CLP&#8217;s e Supervis\u00f3rios:<\/b> Desenvolvimento de l\u00f3gicas de controle e interfaces de opera\u00e7\u00e3o (IHM&#8217;s).<\/li>\n<li><b>Especifica\u00e7\u00e3o T\u00e9cnica e Lista de I\/O:<\/b> Elabora\u00e7\u00e3o de documenta\u00e7\u00e3o detalhada para projetos.<\/li>\n<li><b>Moderniza\u00e7\u00e3o e Retrofit de Equipamentos:<\/b> Atualiza\u00e7\u00e3o de sistemas para aumento de performance e vida \u00fatil.<\/li>\n<li><b>Start-up de Sistemas:<\/b> Comissionamento e valida\u00e7\u00e3o de sistemas para entrada em opera\u00e7\u00e3o.<\/li>\n<\/ul>\n<p style=\"text-align: center;\">\n\n<div\n\t\tclass=\"pirate_forms_container widget-no\"\n\t\tid=\"pirate_forms_container_default\">\n\t<!-- header -->\n\t\n\t<!-- thank you -->\n\t\n\t<div class=\"pirate_forms_wrap\">\n\t\t<!-- errors -->\n\t\t\n\t\t<!-- form -->\n\t\t\n\t\t<form\n\t\t\t\tmethod=\"post\"\n\t\t\t\tenctype=\"application\/x-www-form-urlencoded\"\n\t\t\t\tclass=\"pirate_forms  form_honeypot-on wordpress-nonce-on pirate-forms-contact-name-on pirate-forms-contact-email-on pirate-forms-contact-subject-on pirate-forms-contact-message-on pirate-forms-contact-submit-on pirate_forms_from_form-on\"\n\t\t\t\t\t>\n\t\t\t<div class=\"pirate_forms_three_inputs_wrap \">\n\t\t\t\t\n\n<div class=\"col-xs-12 pirate_forms_three_inputs form_field_wrap contact_name_wrap col-xs-12 col-sm-6 contact_name_wrap pirate_forms_three_inputs form_field_wrap\">\n\t\t<input\n\t\t\ttype=\"text\"\n\t\t\tclass=\"form-control\" id=\"pirate-forms-contact-name\" name=\"pirate-forms-contact-name\" class=\"\" placeholder=\"Nome\" required oninvalid=\"this.setCustomValidity('Entre com seu Nome')\" onchange=\"this.setCustomValidity('')\" value=\"\" >\n<\/div>\n\n\n<div class=\"col-xs-12 pirate_forms_three_inputs form_field_wrap contact_email_wrap col-xs-12 col-sm-6 contact_email_wrap pirate_forms_three_inputs form_field_wrap\">\n\t\t<input type=\"email\" class=\"form-control\" id=\"pirate-forms-contact-email\" name=\"pirate-forms-contact-email\" class=\"\" placeholder=\"E-mail\" required oninvalid=\"this.setCustomValidity('Insira um e-mail Valido')\" onchange=\"this.setCustomValidity('')\" value=\"\">\n<\/div>\n\n\n<div class=\"col-xs-12 pirate_forms_three_inputs form_field_wrap contact_subject_wrap col-xs-12 contact_subject_wrap pirate_forms_three_inputs form_field_wrap\">\n\t\t<input\n\t\t\ttype=\"text\"\n\t\t\tclass=\"form-control\" id=\"pirate-forms-contact-subject\" name=\"pirate-forms-contact-subject\" class=\"\" placeholder=\"Assunto\" required oninvalid=\"this.setCustomValidity('Indique um assunto')\" onchange=\"this.setCustomValidity('')\" value=\"\" >\n<\/div>\n\t\t\t<\/div>\n\n\t\t\t\n\n<div class=\"col-xs-12 form_field_wrap contact_message_wrap col-xs-12 contact_message_wrap pirate_forms_three_inputs form_field_wrap\">\n\t\t<textarea\n\t\t\trows=\"5\" cols=\"30\"\n\t\t\tclass=\"form-control\" id=\"pirate-forms-contact-message\" name=\"pirate-forms-contact-message\" class=\"\" placeholder=\"Escreva sua Mensagem\" required oninvalid=\"this.setCustomValidity('Adicione um Coment\u00e1rio ou Critica')\" onchange=\"this.setCustomValidity('')\" ><\/textarea>\n<\/div>\n\n\n<div class=\"col-xs-12 form_field_wrap contact_submit_wrap\">\n\t<button type=\"submit\" class=\"pirate-forms-submit-button btn btn-primary \" id=\"pirate-forms-contact-submit\" name=\"pirate-forms-contact-submit\" class=\"pirate-forms-submit-button btn btn-primary \" placeholder=\"\" >Enviar Mensagem<\/button>\n<\/div>\n<input type=\"hidden\" id=\"pirate_forms_ajax\" name=\"pirate_forms_ajax\" class=\"\" placeholder=\"\"  value=\"0\"><div class=\"form_field_wrap hidden\" style=\"display: none\"><input type=\"text\" id=\"form_honeypot\" name=\"honeypot\" class=\"\" placeholder=\"\"  value=\"\"><\/div><input type=\"hidden\" id=\"pirate_forms_from_widget\" name=\"pirate_forms_from_widget\" class=\"\" placeholder=\"\"  value=\"0\"><input type=\"hidden\" id=\"wordpress-nonce\" name=\"wordpress-nonce\" class=\"\" placeholder=\"\"  value=\"5becd729d7\"><input type=\"hidden\" id=\"pirate_forms_from_form\" name=\"pirate_forms_from_form\" class=\"\" placeholder=\"\"  value=\"a10f31a5df\">\t\t<\/form>\n\n\t\t\n\t\t<div class=\"pirate_forms_clearfix\"><\/div>\n\t<\/div>\n\n\t<!-- footer -->\n\t<\/div>\n<\/p>\n","protected":false},"excerpt":{"rendered":"<p>Nosso objetivo \u00e9 atingir os resultados esperados com m\u00e1xima efici\u00eancia, focando na qualidade de nossos produtos e na otimiza\u00e7\u00e3o de custos para os clientes. A SEMPI ENGENHARIA opera com uma infraestrutura de ponta e equipamentos de \u00faltima gera\u00e7\u00e3o, garantindo a excel\u00eancia em todas as etapas dos projetos. Nossa expertise t\u00e9cnica inclui: Arquitetura de Sistemas Industriais: [&hellip;]<\/p>\n","protected":false},"author":1,"featured_media":0,"parent":0,"menu_order":0,"comment_status":"closed","ping_status":"closed","template":"","meta":{"footnotes":""},"class_list":["post-111","page","type-page","status-publish","hentry"],"aioseo_notices":[],"_links":{"self":[{"href":"https:\/\/sempiengenharia.com.br\/index.php?rest_route=\/wp\/v2\/pages\/111","targetHints":{"allow":["GET"]}}],"collection":[{"href":"https:\/\/sempiengenharia.com.br\/index.php?rest_route=\/wp\/v2\/pages"}],"about":[{"href":"https:\/\/sempiengenharia.com.br\/index.php?rest_route=\/wp\/v2\/types\/page"}],"author":[{"embeddable":true,"href":"https:\/\/sempiengenharia.com.br\/index.php?rest_route=\/wp\/v2\/users\/1"}],"replies":[{"embeddable":true,"href":"https:\/\/sempiengenharia.com.br\/index.php?rest_route=%2Fwp%2Fv2%2Fcomments&post=111"}],"version-history":[{"count":3,"href":"https:\/\/sempiengenharia.com.br\/index.php?rest_route=\/wp\/v2\/pages\/111\/revisions"}],"predecessor-version":[{"id":532,"href":"https:\/\/sempiengenharia.com.br\/index.php?rest_route=\/wp\/v2\/pages\/111\/revisions\/532"}],"wp:attachment":[{"href":"https:\/\/sempiengenharia.com.br\/index.php?rest_route=%2Fwp%2Fv2%2Fmedia&parent=111"}],"curies":[{"name":"wp","href":"https:\/\/api.w.org\/{rel}","templated":true}]}}