{"id":436,"date":"2023-10-01T20:30:47","date_gmt":"2023-10-01T20:30:47","guid":{"rendered":"https:\/\/sempiengenharia.com.br\/?page_id=436"},"modified":"2023-10-01T20:30:47","modified_gmt":"2023-10-01T20:30:47","slug":"reforma-de-maquinas","status":"publish","type":"page","link":"https:\/\/sempiengenharia.com.br\/?page_id=436","title":{"rendered":"Reforma de M\u00e1quinas"},"content":{"rendered":"<p>Retrofitting \u00e9 um processo que envolve a moderniza\u00e7\u00e3o ou atualiza\u00e7\u00e3o de equipamentos existentes para melhorar seu desempenho, efici\u00eancia, funcionalidade ou vida \u00fatil.<\/p>\n<p>Entre muitos benef\u00edcios, destacamos algumas funcionalidades dessa pr\u00e1tica:<\/p>\n<p><b>MELHORIA DO DESEMPENHO<\/b>: O retrofitting pode permitir que os equipamentos sejam atualizados com tecnologias recentes, para melhorar o desempenho, velocidade, precis\u00e3o e principalmente a sua capacidade de produ\u00e7\u00e3o.<\/p>\n<p><b>EFICI\u00caNCIA ENERG\u00c9TICA<\/b>: Com o retrofitting, \u00e9 poss\u00edvel incorporar componentes mais modernos, e assim obtermos um aumento significativo da sua efici\u00eancia energ\u00e9tica, diminuindo seu custo operacional e aumentando a sustentabilidade do processo.<\/p>\n<p><b>CONFORMIDADE COM REGULAMENTA\u00c7\u00d5ES<\/b>: As regulamenta\u00e7\u00f5es ambientais e de seguran\u00e7a se tornam mais rigorosas com o tempo, e os equipamentos precisam acompanhar as legisla\u00e7\u00f5es vigentes, evitando multas e garantindo a conformidade com requisitos legais.<\/p>\n<p><b>AUMENTO DA VIDA \u00daTIL:<\/b>\u00a0Em vez de substituir completamente o equipamento antigo, o retrofitting pode ser uma op\u00e7\u00e3o mais econ\u00f4mica para prolongar a vida \u00fatil das m\u00e1quinas de forma confi\u00e1vel.<\/p>\n<p><b>REDU\u00c7\u00c3O DE CUSTOS:\u00a0<\/b>Em muitos casos, o retrofitting pode ser mais econ\u00f4mico do que fazer aquisi\u00e7\u00e3o de novos equipamentos, e evita gastos associados com instala\u00e7\u00e3o, movimenta\u00e7\u00f5es, e altera\u00e7\u00f5es de layouts existentes.<\/p>\n<p><b>INTEGRA\u00c7\u00c3O COM SISTEMAS MODERNOS:<\/b>\u00a0\u00c0 medida que as empresas adotam novos sistemas de automa\u00e7\u00e3o, controle ou gerenciamento, o retrofitting pode permitir a integra\u00e7\u00e3o dos equipamentos existentes com esses sistemas.<\/p>\n","protected":false},"excerpt":{"rendered":"<p>Retrofitting \u00e9 um processo que envolve a moderniza\u00e7\u00e3o ou atualiza\u00e7\u00e3o de equipamentos existentes para melhorar seu desempenho, efici\u00eancia, funcionalidade ou vida \u00fatil. Entre muitos benef\u00edcios, destacamos algumas funcionalidades dessa pr\u00e1tica: MELHORIA DO DESEMPENHO: O retrofitting pode permitir que os equipamentos sejam atualizados com tecnologias recentes, para melhorar o desempenho, velocidade, precis\u00e3o e principalmente a sua [&hellip;]<\/p>\n","protected":false},"author":1,"featured_media":0,"parent":0,"menu_order":0,"comment_status":"closed","ping_status":"closed","template":"","meta":{"footnotes":""},"class_list":["post-436","page","type-page","status-publish","hentry"],"aioseo_notices":[],"_links":{"self":[{"href":"https:\/\/sempiengenharia.com.br\/index.php?rest_route=\/wp\/v2\/pages\/436","targetHints":{"allow":["GET"]}}],"collection":[{"href":"https:\/\/sempiengenharia.com.br\/index.php?rest_route=\/wp\/v2\/pages"}],"about":[{"href":"https:\/\/sempiengenharia.com.br\/index.php?rest_route=\/wp\/v2\/types\/page"}],"author":[{"embeddable":true,"href":"https:\/\/sempiengenharia.com.br\/index.php?rest_route=\/wp\/v2\/users\/1"}],"replies":[{"embeddable":true,"href":"https:\/\/sempiengenharia.com.br\/index.php?rest_route=%2Fwp%2Fv2%2Fcomments&post=436"}],"version-history":[{"count":1,"href":"https:\/\/sempiengenharia.com.br\/index.php?rest_route=\/wp\/v2\/pages\/436\/revisions"}],"predecessor-version":[{"id":437,"href":"https:\/\/sempiengenharia.com.br\/index.php?rest_route=\/wp\/v2\/pages\/436\/revisions\/437"}],"wp:attachment":[{"href":"https:\/\/sempiengenharia.com.br\/index.php?rest_route=%2Fwp%2Fv2%2Fmedia&parent=436"}],"curies":[{"name":"wp","href":"https:\/\/api.w.org\/{rel}","templated":true}]}}